{"id":166,"date":"2023-07-31T09:48:40","date_gmt":"2023-07-31T09:48:40","guid":{"rendered":"https:\/\/www.harmonia-therapie.ch\/wpress\/?page_id=166"},"modified":"2023-07-31T09:54:31","modified_gmt":"2023-07-31T09:54:31","slug":"le-drainage-lympathique","status":"publish","type":"page","link":"https:\/\/www.harmonia-therapie.ch\/wpress\/le-drainage-lympathique\/","title":{"rendered":"Le drainage lympathique"},"content":{"rendered":"<div class=\"wp-block-image\">\n<figure class=\"aligncenter size-full\"><img loading=\"lazy\" decoding=\"async\" width=\"697\" height=\"93\" src=\"https:\/\/www.harmonia-therapie.ch\/wpress\/wp-content\/uploads\/2023\/07\/DRAINAGE_titre.gif\" alt=\"\" class=\"wp-image-19\"\/><\/figure><\/div>\n\n<h4 align=\"justify\">C&rsquo;est une technique douce qui consiste en un massage lent, l\u00e9ger et rep\u00e9titif renfor\u00e7ant les d\u00e9fenses immunitaires et amenant d\u00e9tente et bien-\u00eatre. Il stimule le syst\u00e8me lymphatique et a une action decongestionnante. C&rsquo;est une pratique mise au point par Emil et Estrid Vodder.<\/h4>\n<div>\u00a0<\/div>\n<div>\u00a0<\/div>\n<h4>Le drainage lymphatique manuel peut am\u00e9liorer les affections telles que: l&rsquo;insuffisance veineuse, la r\u00e9tention d&rsquo;eau, la constipation, l&rsquo;\u0153d\u00e8me suite \u00e0 une intervention ou accident.<\/h4>","protected":false},"excerpt":{"rendered":"<p>C&rsquo;est une technique douce qui consiste en un massage lent, l\u00e9ger et rep\u00e9titif renfor\u00e7ant les d\u00e9fenses immunitaires et amenant d\u00e9tente et bien-\u00eatre. Il stimule le syst\u00e8me lymphatique et a une action decongestionnante. C&rsquo;est une pratique mise au point par Emil <a class=\"more-link\" href=\"https:\/\/www.harmonia-therapie.ch\/wpress\/le-drainage-lympathique\/\">Continuer la lecture <span class=\"screen-reader-text\">  Le drainage lympathique<\/span><span class=\"meta-nav\">&rarr;<\/span><\/a><\/p>\n","protected":false},"author":1,"featured_media":0,"parent":0,"menu_order":0,"comment_status":"closed","ping_status":"closed","template":"page-fullwidth.php","meta":{"footnotes":""},"class_list":["post-166","page","type-page","status-publish","hentry"],"_links":{"self":[{"href":"https:\/\/www.harmonia-therapie.ch\/wpress\/wp-json\/wp\/v2\/pages\/166","targetHints":{"allow":["GET"]}}],"collection":[{"href":"https:\/\/www.harmonia-therapie.ch\/wpress\/wp-json\/wp\/v2\/pages"}],"about":[{"href":"https:\/\/www.harmonia-therapie.ch\/wpress\/wp-json\/wp\/v2\/types\/page"}],"author":[{"embeddable":true,"href":"https:\/\/www.harmonia-therapie.ch\/wpress\/wp-json\/wp\/v2\/users\/1"}],"replies":[{"embeddable":true,"href":"https:\/\/www.harmonia-therapie.ch\/wpress\/wp-json\/wp\/v2\/comments?post=166"}],"version-history":[{"count":2,"href":"https:\/\/www.harmonia-therapie.ch\/wpress\/wp-json\/wp\/v2\/pages\/166\/revisions"}],"predecessor-version":[{"id":170,"href":"https:\/\/www.harmonia-therapie.ch\/wpress\/wp-json\/wp\/v2\/pages\/166\/revisions\/170"}],"wp:attachment":[{"href":"https:\/\/www.harmonia-therapie.ch\/wpress\/wp-json\/wp\/v2\/media?parent=166"}],"curies":[{"name":"wp","href":"https:\/\/api.w.org\/{rel}","templated":true}]}}